{"id":568,"date":"2018-05-22T22:59:11","date_gmt":"2018-05-22T20:59:11","guid":{"rendered":"https:\/\/deluca.pro\/tretende\/?page_id=568"},"modified":"2026-01-23T18:26:22","modified_gmt":"2026-01-23T17:26:22","slug":"orari","status":"publish","type":"page","link":"https:\/\/parrocchiedorsoduro.it\/index.php\/orari\/","title":{"rendered":"ORARI DELLE SS. MESSE"},"content":{"rendered":"\t\t<div data-elementor-type=\"wp-page\" data-elementor-id=\"568\" class=\"elementor elementor-568\">\n\t\t\t\t\t\t<section class=\"elementor-section elementor-top-section elementor-element elementor-element-3885d517 elementor-section-boxed elementor-section-height-default elementor-section-height-default\" data-id=\"3885d517\" data-element_type=\"section\">\n\t\t\t\t\t\t<div class=\"elementor-container elementor-column-gap-default\">\n\t\t\t\t\t<div class=\"elementor-column elementor-col-100 elementor-top-column elementor-element elementor-element-ecc9f20\" data-id=\"ecc9f20\" data-element_type=\"column\">\n\t\t\t<div class=\"elementor-widget-wrap elementor-element-populated\">\n\t\t\t\t\t\t<div class=\"elementor-element elementor-element-970a369 elementor-widget elementor-widget-text-editor\" data-id=\"970a369\" data-element_type=\"widget\" data-widget_type=\"text-editor.default\">\n\t\t\t\t<div class=\"elementor-widget-container\">\n\t\t\t\t\t\t\t\t\t\n<p class=\"has-medium-font-size\">\u00a0<\/p>\n\n<p>Orari validi dal: 09\/12\/2025<\/p>\n\n<p>SS. MESSE <strong>FERIALI<\/strong>(Luned\u00ec, Marted\u00ec, Mercoled\u00ec e Venerd\u00ec):<\/p>\n\n<ul class=\"wp-block-list\">\n<li>8.30 S. SEBASTIANO (anche il sabato)<\/li>\n\n<li>18.00 S. RAFFAELE ( luned\u00ec, marted\u00ec, mercoled\u00ec )<\/li>\n\n<li>18.00 S. NICOLO&#8217; (gioved\u00ec, venerd\u00ec)<\/li>\n\n<li>18.30 GESUATI ( no gioved\u00ec )<\/li>\n\n<li>18.30 S.TROVASO ( solo gioved\u00ec )<\/li>\n\n<li>18.30 CARMINI ( no gioved\u00ec )<\/li>\n<\/ul>\n<hr class=\"wp-block-separator has-alpha-channel-opacity\" \/>\n<p>SS. MESSE <strong>PREFESTIVE <\/strong>(Sabato e prefestivi\/vigilie di solennit\u00e0):<\/p>\n\n<ul class=\"wp-block-list\">\n<li>18.00 S. NICOLO&#8217;<\/li>\n\n<li>18.30 CARMINI<\/li>\n\n<li>18.30 GESUATI<\/li>\n<\/ul>\n<hr class=\"wp-block-separator has-alpha-channel-opacity\" \/>\n<p>SS. MESSE <strong>FESTIVE<\/strong>(Domeniche e solennit\u00e0 di precetto):<\/p>\n\n<ul class=\"wp-block-list\">\n<li>7.30 S. SEBASTIANO<\/li>\n\n<li>9.00 S.TROVASO<\/li>\n\n<li>9.30 S. RAFFAELE<\/li>\n\n<li>10.00 GESUATI<\/li>\n\n<li>11.00 S. NICOLO&#8217;<\/li>\n\n<li>11.15 CARMINI<\/li>\n\n<li>18.30 CARMINI<br \/><br \/><span style=\"color: #993300;\"><strong>OGNI DOMENICA E FESTA DI PRECETTO\u00a0<br \/>CHIESA DEI CARMINI<\/strong><\/span><br \/>17.30: Adorazione Eucaristica<br \/>18.00: Vespri solenni<\/li>\n<\/ul>\n<hr class=\"wp-block-separator has-alpha-channel-opacity\" \/>\n<p>GIOVEDI&#8217; <strong>a<\/strong> <strong>SAN TROVASO<\/strong><\/p>\n\n<ul class=\"wp-block-list\">\n<li>17.00: Adorazione Eucaristica<\/li>\n\n<li>18.30: Santa Messa<\/li>\n<\/ul>\n<hr class=\"wp-block-separator has-alpha-channel-opacity\" \/>\n<p>DA LUNEDI&#8217; A SABATO <strong>solo<\/strong><strong> alla Cappella dei Padri Cavanis<\/strong><\/p>\n<ul>\n<li>7.30: Santa Messa<\/li>\n<\/ul>\n<hr class=\"wp-block-separator has-alpha-channel-opacity is-style-wide\" \/>\n<h1 class=\"wp-block-heading\"><strong>ORARI CONFESSIONI:<\/strong><\/h1>\n\n<ul class=\"wp-block-list\">\n<li>CARMINI:\u00a0 Sabato dalle 17:00 alle 18:00;<\/li>\n\n<li>GESUATI:\u00a0 Sabato dalle 17:30 alle 18:00;<\/li>\n\n<li>SAN TROVASO: Gioved\u00ec dalle 17:00 alle 18:00;<\/li>\n<li>S. RAFFAELE: Sabato dalle 15:30 alle 16:30;<\/li>\n<li>S. NICOL\u00d2: Sabato dalle 17:00 alle 17:45.\u00a0<\/li>\n<\/ul>\n\n<p>oppure su appuntamento<\/p>\n\t\t\t\t\t\t\t\t<\/div>\n\t\t\t\t<\/div>\n\t\t\t\t\t<\/div>\n\t\t<\/div>\n\t\t\t\t\t<\/div>\n\t\t<\/section>\n\t\t\t\t<\/div>\n\t\t","protected":false},"excerpt":{"rendered":"<p>\u00a0 Orari validi dal: 09\/12\/2025 SS. MESSE FERIALI(Luned\u00ec, Marted\u00ec, Mercoled\u00ec e Venerd\u00ec): SS. MESSE PREFESTIVE (Sabato e prefestivi\/vigilie di solennit\u00e0): SS. MESSE FESTIVE(Domeniche e solennit\u00e0 di precetto): GIOVEDI&#8217; a SAN TROVASO DA LUNEDI&#8217; A SABATO solo alla Cappella dei Padri Cavanis 7.30: Santa Messa ORARI CONFESSIONI: oppure su appuntamento<\/p>\n","protected":false},"author":5,"featured_media":0,"parent":0,"menu_order":0,"comment_status":"closed","ping_status":"closed","template":"","meta":{"ocean_post_layout":"","ocean_both_sidebars_style":"","ocean_both_sidebars_content_width":0,"ocean_both_sidebars_sidebars_width":0,"ocean_sidebar":"0","ocean_second_sidebar":"0","ocean_disable_margins":"enable","ocean_add_body_class":"","ocean_shortcode_before_top_bar":"","ocean_shortcode_after_top_bar":"","ocean_shortcode_before_header":"","ocean_shortcode_after_header":"","ocean_has_shortcode":"","ocean_shortcode_after_title":"","ocean_shortcode_before_footer_widgets":"","ocean_shortcode_after_footer_widgets":"","ocean_shortcode_before_footer_bottom":"","ocean_shortcode_after_footer_bottom":"","ocean_display_top_bar":"default","ocean_display_header":"default","ocean_header_style":"","ocean_center_header_left_menu":"0","ocean_custom_header_template":"0","ocean_custom_logo":0,"ocean_custom_retina_logo":0,"ocean_custom_logo_max_width":0,"ocean_custom_logo_tablet_max_width":0,"ocean_custom_logo_mobile_max_width":0,"ocean_custom_logo_max_height":0,"ocean_custom_logo_tablet_max_height":0,"ocean_custom_logo_mobile_max_height":0,"ocean_header_custom_menu":"0","ocean_menu_typo_font_family":"0","ocean_menu_typo_font_subset":"","ocean_menu_typo_font_size":0,"ocean_menu_typo_font_size_tablet":0,"ocean_menu_typo_font_size_mobile":0,"ocean_menu_typo_font_size_unit":"px","ocean_menu_typo_font_weight":"","ocean_menu_typo_font_weight_tablet":"","ocean_menu_typo_font_weight_mobile":"","ocean_menu_typo_transform":"","ocean_menu_typo_transform_tablet":"","ocean_menu_typo_transform_mobile":"","ocean_menu_typo_line_height":0,"ocean_menu_typo_line_height_tablet":0,"ocean_menu_typo_line_height_mobile":0,"ocean_menu_typo_line_height_unit":"","ocean_menu_typo_spacing":0,"ocean_menu_typo_spacing_tablet":0,"ocean_menu_typo_spacing_mobile":0,"ocean_menu_typo_spacing_unit":"","ocean_menu_link_color":"","ocean_menu_link_color_hover":"","ocean_menu_link_color_active":"","ocean_menu_link_background":"","ocean_menu_link_hover_background":"","ocean_menu_link_active_background":"","ocean_menu_social_links_bg":"","ocean_menu_social_hover_links_bg":"","ocean_menu_social_links_color":"","ocean_menu_social_hover_links_color":"","ocean_disable_title":"default","ocean_disable_heading":"default","ocean_post_title":"","ocean_post_subheading":"","ocean_post_title_style":"","ocean_post_title_background_color":"","ocean_post_title_background":0,"ocean_post_title_bg_image_position":"","ocean_post_title_bg_image_attachment":"","ocean_post_title_bg_image_repeat":"","ocean_post_title_bg_image_size":"","ocean_post_title_height":0,"ocean_post_title_bg_overlay":0.5,"ocean_post_title_bg_overlay_color":"","ocean_disable_breadcrumbs":"default","ocean_breadcrumbs_color":"","ocean_breadcrumbs_separator_color":"","ocean_breadcrumbs_links_color":"","ocean_breadcrumbs_links_hover_color":"","ocean_display_footer_widgets":"default","ocean_display_footer_bottom":"default","ocean_custom_footer_template":"0","footnotes":""},"class_list":["post-568","page","type-page","status-publish","hentry","entry"],"_links":{"self":[{"href":"https:\/\/parrocchiedorsoduro.it\/index.php\/wp-json\/wp\/v2\/pages\/568","targetHints":{"allow":["GET"]}}],"collection":[{"href":"https:\/\/parrocchiedorsoduro.it\/index.php\/wp-json\/wp\/v2\/pages"}],"about":[{"href":"https:\/\/parrocchiedorsoduro.it\/index.php\/wp-json\/wp\/v2\/types\/page"}],"author":[{"embeddable":true,"href":"https:\/\/parrocchiedorsoduro.it\/index.php\/wp-json\/wp\/v2\/users\/5"}],"replies":[{"embeddable":true,"href":"https:\/\/parrocchiedorsoduro.it\/index.php\/wp-json\/wp\/v2\/comments?post=568"}],"version-history":[{"count":33,"href":"https:\/\/parrocchiedorsoduro.it\/index.php\/wp-json\/wp\/v2\/pages\/568\/revisions"}],"predecessor-version":[{"id":1197,"href":"https:\/\/parrocchiedorsoduro.it\/index.php\/wp-json\/wp\/v2\/pages\/568\/revisions\/1197"}],"wp:attachment":[{"href":"https:\/\/parrocchiedorsoduro.it\/index.php\/wp-json\/wp\/v2\/media?parent=568"}],"curies":[{"name":"wp","href":"https:\/\/api.w.org\/{rel}","templated":true}]}}